{"id":1191,"date":"2023-10-06T09:40:07","date_gmt":"2023-10-06T07:40:07","guid":{"rendered":"https:\/\/istikametburasi.com\/?page_id=1191"},"modified":"2024-04-23T12:17:02","modified_gmt":"2024-04-23T10:17:02","slug":"bilgiler","status":"publish","type":"page","link":"https:\/\/istikametburasi.com\/index.php\/bilgiler\/","title":{"rendered":"B\u0130LG\u0130LER"},"content":{"rendered":"\n<p class=\"has-black-color has-text-color\"><strong>Mail<\/strong>: istikametburasi@gmail.com<\/p>\n\n\n\n<p class=\"has-vivid-red-color has-text-color\"><strong>Instragram<\/strong>: <a rel=\"noreferrer noopener\" href=\"https:\/\/instagram.com\/istikametburasi?igshid=NzZlODBkYWE4Ng==\" target=\"_blank\">istikametburasi<\/a><\/p>\n\n\n\n<p><\/p>\n\n\n\n<p><\/p>\n\n\n\n<p><strong><mark style=\"background-color:rgba(0, 0, 0, 0)\" class=\"has-inline-color has-black-color\">\u00d6zel Seyahat Dan\u0131\u015fmanl\u0131\u011f\u0131<\/mark><\/strong><\/p>\n\n\n\n<p class=\"has-black-color has-text-color\"><strong>Mail<\/strong>: istikametseyahat@gmail.com <\/p>\n\n\n\n<p class=\"has-luminous-vivid-orange-color has-text-color\"><strong>Instagram<\/strong>: <a rel=\"noreferrer noopener\" href=\"https:\/\/instagram.com\/istikametseyahat?igshid=OGQ5ZDc2ODk2ZA==\" target=\"_blank\">istikametseyahat<\/a><\/p>\n","protected":false},"excerpt":{"rendered":"<p>Mail: istikametburasi@gmail.com Instragram: istikametburasi \u00d6zel Seyahat Dan\u0131\u015fmanl\u0131\u011f\u0131 Mail: istikametseyahat@gmail.com Instagram: istikametseyahat<\/p>\n","protected":false},"author":1,"featured_media":0,"parent":0,"menu_order":0,"comment_status":"closed","ping_status":"closed","template":"","meta":{"om_disable_all_campaigns":false,"_mi_skip_tracking":false},"_links":{"self":[{"href":"https:\/\/istikametburasi.com\/index.php\/wp-json\/wp\/v2\/pages\/1191"}],"collection":[{"href":"https:\/\/istikametburasi.com\/index.php\/wp-json\/wp\/v2\/pages"}],"about":[{"href":"https:\/\/istikametburasi.com\/index.php\/wp-json\/wp\/v2\/types\/page"}],"author":[{"embeddable":true,"href":"https:\/\/istikametburasi.com\/index.php\/wp-json\/wp\/v2\/users\/1"}],"replies":[{"embeddable":true,"href":"https:\/\/istikametburasi.com\/index.php\/wp-json\/wp\/v2\/comments?post=1191"}],"version-history":[{"count":4,"href":"https:\/\/istikametburasi.com\/index.php\/wp-json\/wp\/v2\/pages\/1191\/revisions"}],"predecessor-version":[{"id":1958,"href":"https:\/\/istikametburasi.com\/index.php\/wp-json\/wp\/v2\/pages\/1191\/revisions\/1958"}],"wp:attachment":[{"href":"https:\/\/istikametburasi.com\/index.php\/wp-json\/wp\/v2\/media?parent=1191"}],"curies":[{"name":"wp","href":"https:\/\/api.w.org\/{rel}","templated":true}]}}