{"id":1743,"date":"2023-11-29T12:55:26","date_gmt":"2023-11-29T10:55:26","guid":{"rendered":"https:\/\/istikametburasi.com\/?page_id=1743"},"modified":"2024-10-12T22:18:11","modified_gmt":"2024-10-12T20:18:11","slug":"polonya","status":"publish","type":"page","link":"https:\/\/istikametburasi.com\/index.php\/polonya\/","title":{"rendered":"POLONYA"},"content":{"rendered":"\n<p>Polonya, tarih\u00ee zenginlikleri, etkileyici mimarisi ve do\u011fal g\u00fczellikleriyle Orta Avrupa\u2019n\u0131n en ilgi \u00e7ekici \u00fclkelerinden biri. Ba\u015fkent Var\u015fova, hem sava\u015f sonras\u0131 yeniden in\u015fa edilmi\u015f eski \u015fehir b\u00f6lgesi hem de modern yap\u0131lar\u0131yla ge\u00e7mi\u015f ve gelece\u011fi bir araya getiriyor.<strong> Var\u015fova<\/strong>\u2019daki Kraliyet \u015eatosu ve Lazienki Park\u0131, \u015fehrin \u00f6nemli turistik noktalar\u0131 aras\u0131nda yer al\u0131yor.<\/p>\n\n\n\n<p><strong>Krak\u00f3w<\/strong>, Polonya\u2019n\u0131n k\u00fclt\u00fcrel ba\u015fkenti olarak biliniyor. UNESCO D\u00fcnya Miras\u0131 Listesi\u2019ndeki Wawel Kalesi, Ana Meydan (Rynek Glowny) ve Sukiennice (Kuma\u015f Hali) \u015fehrin sembolik yap\u0131lar\u0131 aras\u0131nda. Ayr\u0131ca, Auschwitz-Birkenau An\u0131t\u0131 ve M\u00fczesi, tarihin karanl\u0131k d\u00f6nemlerini hat\u0131rlatan \u00f6nemli bir durak olarak ziyaret ediliyor.<\/p>\n\n\n\n<p><strong>Wroclaw<\/strong> ve <strong>Gdansk<\/strong> gibi di\u011fer \u015fehirler de tarihi g\u00fczellikleri ve kendilerine has dokular\u0131yla \u00f6ne \u00e7\u0131k\u0131yor. Ayr\u0131ca Polonya\u2019n\u0131n Tatra Da\u011flar\u0131 ve Bia\u0142owie\u017ca Orman\u0131 gibi do\u011fal alanlar\u0131, do\u011fa severler i\u00e7in ke\u015fif f\u0131rsatlar\u0131 sunuyor \ud83c\uddf5\ud83c\uddf1<\/p>\n","protected":false},"excerpt":{"rendered":"<p>Polonya, tarih\u00ee zenginlikleri, etkileyici mimarisi ve do\u011fal g\u00fczellikleriyle Orta Avrupa\u2019n\u0131n en ilgi \u00e7ekici \u00fclkelerinden biri. Ba\u015fkent Var\u015fova, hem sava\u015f sonras\u0131<\/p>\n","protected":false},"author":1,"featured_media":0,"parent":0,"menu_order":0,"comment_status":"closed","ping_status":"closed","template":"","meta":{"om_disable_all_campaigns":false,"_mi_skip_tracking":false},"_links":{"self":[{"href":"https:\/\/istikametburasi.com\/index.php\/wp-json\/wp\/v2\/pages\/1743"}],"collection":[{"href":"https:\/\/istikametburasi.com\/index.php\/wp-json\/wp\/v2\/pages"}],"about":[{"href":"https:\/\/istikametburasi.com\/index.php\/wp-json\/wp\/v2\/types\/page"}],"author":[{"embeddable":true,"href":"https:\/\/istikametburasi.com\/index.php\/wp-json\/wp\/v2\/users\/1"}],"replies":[{"embeddable":true,"href":"https:\/\/istikametburasi.com\/index.php\/wp-json\/wp\/v2\/comments?post=1743"}],"version-history":[{"count":2,"href":"https:\/\/istikametburasi.com\/index.php\/wp-json\/wp\/v2\/pages\/1743\/revisions"}],"predecessor-version":[{"id":2051,"href":"https:\/\/istikametburasi.com\/index.php\/wp-json\/wp\/v2\/pages\/1743\/revisions\/2051"}],"wp:attachment":[{"href":"https:\/\/istikametburasi.com\/index.php\/wp-json\/wp\/v2\/media?parent=1743"}],"curies":[{"name":"wp","href":"https:\/\/api.w.org\/{rel}","templated":true}]}}