{"id":1909,"date":"2024-04-13T12:16:10","date_gmt":"2024-04-13T10:16:10","guid":{"rendered":"https:\/\/istikametburasi.com\/?page_id=1909"},"modified":"2024-04-13T22:24:45","modified_gmt":"2024-04-13T20:24:45","slug":"danimarka-2","status":"publish","type":"page","link":"https:\/\/istikametburasi.com\/index.php\/danimarka-2\/","title":{"rendered":"DAN\u0130MARKA"},"content":{"rendered":"\n<p>Her ara\u015ft\u0131rmada d\u00fcnyan\u0131n en mutlu \u00fclkesi oldu\u011fu s\u00f6ylenen Danimarka, harika do\u011fas\u0131 ve manzaralar\u0131yla sizi bekliyor \ud83c\udde9\ud83c\uddf0<\/p>\n\n\n\n<p>Ba\u015fkent\u00a0<strong>Kopenhag<\/strong>, ke\u015ffedece\u011finiz bir\u00e7ok g\u00fczel atmosfere sahip sokaklar\u0131, manzaralar\u0131, m\u00fczeleri ve mekanlar\u0131 ile \u00e7ok keyifli bir rota. Avrupa&#8217;da belki de en pahal\u0131 rotalardan biri diyebilece\u011fim Danimarka, bu pahal\u0131l\u0131\u011fa ra\u011fmen sizi olduk\u00e7a tatmin ediyor.<\/p>\n\n\n\n<figure class=\"wp-block-image aligncenter size-large\"><img decoding=\"async\" loading=\"lazy\" width=\"576\" height=\"1024\" src=\"https:\/\/istikametburasi.com\/wp-content\/uploads\/2024\/04\/Kopenhag-siteRota-576x1024.png\" alt=\"\" class=\"wp-image-1923\" srcset=\"https:\/\/istikametburasi.com\/wp-content\/uploads\/2024\/04\/Kopenhag-siteRota-576x1024.png 576w, https:\/\/istikametburasi.com\/wp-content\/uploads\/2024\/04\/Kopenhag-siteRota-169x300.png 169w, https:\/\/istikametburasi.com\/wp-content\/uploads\/2024\/04\/Kopenhag-siteRota-768x1365.png 768w, https:\/\/istikametburasi.com\/wp-content\/uploads\/2024\/04\/Kopenhag-siteRota-864x1536.png 864w, https:\/\/istikametburasi.com\/wp-content\/uploads\/2024\/04\/Kopenhag-siteRota.png 1080w\" sizes=\"(max-width: 576px) 100vw, 576px\" \/><\/figure>\n","protected":false},"excerpt":{"rendered":"<p>Her ara\u015ft\u0131rmada d\u00fcnyan\u0131n en mutlu \u00fclkesi oldu\u011fu s\u00f6ylenen Danimarka, harika do\u011fas\u0131 ve manzaralar\u0131yla sizi bekliyor \ud83c\udde9\ud83c\uddf0 Ba\u015fkent\u00a0Kopenhag, ke\u015ffedece\u011finiz bir\u00e7ok g\u00fczel<\/p>\n","protected":false},"author":1,"featured_media":0,"parent":0,"menu_order":0,"comment_status":"closed","ping_status":"closed","template":"","meta":{"om_disable_all_campaigns":false,"_mi_skip_tracking":false},"_links":{"self":[{"href":"https:\/\/istikametburasi.com\/index.php\/wp-json\/wp\/v2\/pages\/1909"}],"collection":[{"href":"https:\/\/istikametburasi.com\/index.php\/wp-json\/wp\/v2\/pages"}],"about":[{"href":"https:\/\/istikametburasi.com\/index.php\/wp-json\/wp\/v2\/types\/page"}],"author":[{"embeddable":true,"href":"https:\/\/istikametburasi.com\/index.php\/wp-json\/wp\/v2\/users\/1"}],"replies":[{"embeddable":true,"href":"https:\/\/istikametburasi.com\/index.php\/wp-json\/wp\/v2\/comments?post=1909"}],"version-history":[{"count":2,"href":"https:\/\/istikametburasi.com\/index.php\/wp-json\/wp\/v2\/pages\/1909\/revisions"}],"predecessor-version":[{"id":1924,"href":"https:\/\/istikametburasi.com\/index.php\/wp-json\/wp\/v2\/pages\/1909\/revisions\/1924"}],"wp:attachment":[{"href":"https:\/\/istikametburasi.com\/index.php\/wp-json\/wp\/v2\/media?parent=1909"}],"curies":[{"name":"wp","href":"https:\/\/api.w.org\/{rel}","templated":true}]}}