{"id":1978,"date":"2024-07-26T12:10:43","date_gmt":"2024-07-26T10:10:43","guid":{"rendered":"https:\/\/istikametburasi.com\/?page_id=1978"},"modified":"2024-07-26T12:32:47","modified_gmt":"2024-07-26T10:32:47","slug":"cinque-terre","status":"publish","type":"page","link":"https:\/\/istikametburasi.com\/index.php\/cinque-terre\/","title":{"rendered":"CINQUE TERRE"},"content":{"rendered":"\n<figure class=\"is-layout-flex wp-block-gallery-1 wp-block-gallery has-nested-images columns-default is-cropped\">\n<figure class=\"wp-block-image size-large\"><img decoding=\"async\" loading=\"lazy\" width=\"1024\" height=\"1024\" data-id=\"1992\"  src=\"https:\/\/istikametburasi.com\/wp-content\/uploads\/2024\/07\/cinquterre-1-1024x1024.png\" alt=\"\" class=\"wp-image-1992\" srcset=\"https:\/\/istikametburasi.com\/wp-content\/uploads\/2024\/07\/cinquterre-1-1024x1024.png 1024w, https:\/\/istikametburasi.com\/wp-content\/uploads\/2024\/07\/cinquterre-1-300x300.png 300w, https:\/\/istikametburasi.com\/wp-content\/uploads\/2024\/07\/cinquterre-1-150x150.png 150w, https:\/\/istikametburasi.com\/wp-content\/uploads\/2024\/07\/cinquterre-1-768x768.png 768w, https:\/\/istikametburasi.com\/wp-content\/uploads\/2024\/07\/cinquterre-1.png 1080w\" sizes=\"(max-width: 1024px) 100vw, 1024px\" \/><\/figure>\n\n\n\n<figure class=\"wp-block-image size-large\"><img decoding=\"async\" loading=\"lazy\" width=\"1024\" height=\"1024\" data-id=\"1990\"  src=\"https:\/\/istikametburasi.com\/wp-content\/uploads\/2024\/07\/cinquterre-2-1024x1024.png\" alt=\"\" class=\"wp-image-1990\" srcset=\"https:\/\/istikametburasi.com\/wp-content\/uploads\/2024\/07\/cinquterre-2-1024x1024.png 1024w, https:\/\/istikametburasi.com\/wp-content\/uploads\/2024\/07\/cinquterre-2-300x300.png 300w, https:\/\/istikametburasi.com\/wp-content\/uploads\/2024\/07\/cinquterre-2-150x150.png 150w, https:\/\/istikametburasi.com\/wp-content\/uploads\/2024\/07\/cinquterre-2-768x768.png 768w, https:\/\/istikametburasi.com\/wp-content\/uploads\/2024\/07\/cinquterre-2.png 1080w\" sizes=\"(max-width: 1024px) 100vw, 1024px\" \/><\/figure>\n\n\n\n<figure class=\"wp-block-image size-large\"><img decoding=\"async\" loading=\"lazy\" width=\"1024\" height=\"1024\" data-id=\"1991\"  src=\"https:\/\/istikametburasi.com\/wp-content\/uploads\/2024\/07\/cinquterre-3-1024x1024.png\" alt=\"\" class=\"wp-image-1991\" srcset=\"https:\/\/istikametburasi.com\/wp-content\/uploads\/2024\/07\/cinquterre-3-1024x1024.png 1024w, https:\/\/istikametburasi.com\/wp-content\/uploads\/2024\/07\/cinquterre-3-300x300.png 300w, https:\/\/istikametburasi.com\/wp-content\/uploads\/2024\/07\/cinquterre-3-150x150.png 150w, https:\/\/istikametburasi.com\/wp-content\/uploads\/2024\/07\/cinquterre-3-768x768.png 768w, https:\/\/istikametburasi.com\/wp-content\/uploads\/2024\/07\/cinquterre-3.png 1080w\" sizes=\"(max-width: 1024px) 100vw, 1024px\" \/><\/figure>\n<\/figure>\n\n\n\n<p>Cinque Terre, \u0130talya&#8217;n\u0131n en turistik noktalar\u0131ndan biri. Kimileri taraf\u0131ndan bir \u015fehir olarak bilinse bile asl\u0131nda yan yana s\u0131ralanm\u0131\u015f 5 kasabadan olu\u015fuyor. Hatta bu sebeple de ismi Cinque Terre yani Be\u015f B\u00f6lge (Kasaba). <\/p>\n\n\n\n<p>Cinque Terre&#8217;yi olu\u015fturan 5 kasaba, Spezia ve Levanto \u015fehirleri aras\u0131nda dizilmi\u015f. Kuzeyden g\u00fcneye s\u0131ras\u0131yla <strong>Monterosso<\/strong>, <strong>Vernazza<\/strong>, <strong>Corniglia<\/strong>, <strong>Manarola<\/strong> ve <strong>Riomaggiore<\/strong> olarak s\u0131ralanm\u0131\u015flar.<\/p>\n\n\n\n<p>\ud83d\ude89B\u00fct\u00fcn kasabalar ve bu 2 \u015fehir aras\u0131 yolculuklar\u0131 tren ile olduk\u00e7a rahat yapabiliyorsunuz. Tren istasyonlar\u0131nda bulunan ofislerden \u201cCinque Terre\u201d bileti sat\u0131n alabilirsiniz, g\u00fcnl\u00fck \u00fccreti 27-32\u20ac aras\u0131 de\u011fi\u015fiyor. 2 veya 3 g\u00fcnl\u00fck biletler de sat\u0131l\u0131yor. Kasabalar aras\u0131 tren yolculuklar\u0131 ise 3-5 dakika s\u00fcr\u00fcyor.<\/p>\n\n\n\n<p>\ud83d\udee4\ufe0fTren istasyonlar\u0131 \u015fehrin g\u00f6be\u011finde oldu\u011fu i\u00e7in, indikten sonra \u00e7ok zaman kaybetmeden her kasaban\u0131n en g\u00fczel noktalar\u0131na ula\u015fabiliyorsunuz. Ayr\u0131ca, araba yollar\u0131nda bazen yo\u011funluktan dolay\u0131 trafik olabiliyor veya park yeri bulmak a\u00e7\u0131s\u0131ndan zorluk \u00e7\u0131kabiliyor. Bu sebeple \u00f6nerim, bu b\u00f6lgeleri tren ile gezmeniz olacak.<\/p>\n\n\n\n<p>\ud83d\udc63Ek olarak, e\u011fer y\u00fcr\u00fcmeyi seviyorsan\u0131z t\u00fcm bu kasabalar aras\u0131 da\u011flar\u0131n i\u00e7inden ge\u00e7en bir hiking yolu da var. Ald\u0131\u011f\u0131n\u0131z \u201cCinque Terre\u201d bileti ile bu hiking yoluna giri\u015f yaparak y\u00fcr\u00fcyebiliyorsunuz veya gi\u015felerden bilet \u00f6demesi yaparak da y\u00fcr\u00fcy\u00fc\u015f yollar\u0131na ge\u00e7ebilirsiniz. \u0130ki kasaba aras\u0131 yakla\u015f\u0131k 1-2 saat s\u00fcr\u00fcyormu\u015f.<\/p>\n\n\n\n<p>\u2728T\u00fcm bu kasabalarda \u00f6zellikle g\u00f6r\u00fclmesi gereken yerler pek yok. Daha \u00e7ok sokaklar\u0131nda y\u00fcr\u00fcyerek veya denize girerek tad\u0131n\u0131 \u00e7\u0131karabilirsiniz. Fakat \u201cYap\u0131lacaklar Listesi\u201d \u00e7ok sevildi\u011fi i\u00e7in a\u015fa\u011f\u0131ya Riomaggiore i\u00e7in k\u0131sa bir liste ekledim \ud83d\ude42<\/p>\n\n\n\n<p>\ud83c\udf64MiV\u00e0\u2019da k\u00fclahta deniz \u00fcr\u00fcnleri yiyin<br>\ud83d\udef6Kano veya tekne turu yap\u0131n<br>\ud83e\udd42Aperol saatini ka\u00e7\u0131rmay\u0131n<br>\ud83d\udcf8Tepeye \u00e7\u0131karak foto\u011fraf \u00e7ekilin<br>\ud83c\udf0aDenizin tad\u0131n\u0131 \u00e7\u0131kar\u0131n<br>\ud83c\udf91Riomaggiore\u2019ye \u00f6zg\u00fc hediyeliklerden al\u0131n<\/p>\n\n\n\n<p>Daha fazla detay i\u00e7in <strong><a href=\"https:\/\/www.instagram.com\/istikametburasi\/\">Instagram<\/a><\/strong> profilimde \u00f6ne \u00e7\u0131kan hikayeler k\u0131sm\u0131nda yer alan &#8220;\ud83c\uddee\ud83c\uddf9Cinque Terre&#8221; ba\u015fl\u0131\u011f\u0131ndaki hikayelerine g\u00f6z atabilirsiniz<\/p>\n","protected":false},"excerpt":{"rendered":"<p>Cinque Terre, \u0130talya&#8217;n\u0131n en turistik noktalar\u0131ndan biri. Kimileri taraf\u0131ndan bir \u015fehir olarak bilinse bile asl\u0131nda yan yana s\u0131ralanm\u0131\u015f 5 kasabadan<\/p>\n","protected":false},"author":1,"featured_media":0,"parent":0,"menu_order":0,"comment_status":"closed","ping_status":"closed","template":"","meta":{"om_disable_all_campaigns":false,"_mi_skip_tracking":false},"_links":{"self":[{"href":"https:\/\/istikametburasi.com\/index.php\/wp-json\/wp\/v2\/pages\/1978"}],"collection":[{"href":"https:\/\/istikametburasi.com\/index.php\/wp-json\/wp\/v2\/pages"}],"about":[{"href":"https:\/\/istikametburasi.com\/index.php\/wp-json\/wp\/v2\/types\/page"}],"author":[{"embeddable":true,"href":"https:\/\/istikametburasi.com\/index.php\/wp-json\/wp\/v2\/users\/1"}],"replies":[{"embeddable":true,"href":"https:\/\/istikametburasi.com\/index.php\/wp-json\/wp\/v2\/comments?post=1978"}],"version-history":[{"count":2,"href":"https:\/\/istikametburasi.com\/index.php\/wp-json\/wp\/v2\/pages\/1978\/revisions"}],"predecessor-version":[{"id":1994,"href":"https:\/\/istikametburasi.com\/index.php\/wp-json\/wp\/v2\/pages\/1978\/revisions\/1994"}],"wp:attachment":[{"href":"https:\/\/istikametburasi.com\/index.php\/wp-json\/wp\/v2\/media?parent=1978"}],"curies":[{"name":"wp","href":"https:\/\/api.w.org\/{rel}","templated":true}]}}