{"id":2310,"date":"2025-01-02T14:45:33","date_gmt":"2025-01-02T12:45:33","guid":{"rendered":"https:\/\/istikametburasi.com\/?page_id=2310"},"modified":"2025-01-02T14:47:18","modified_gmt":"2025-01-02T12:47:18","slug":"norvec-2","status":"publish","type":"page","link":"https:\/\/istikametburasi.com\/index.php\/norvec-2\/","title":{"rendered":"NORVE\u00c7"},"content":{"rendered":"\n<p>Fiyortlar\u0131n b\u00fcy\u00fcl\u00fc \u00fclkesi Norve\u00e7, do\u011fal g\u00fczellikleri ve huzur dolu atmosferiyle sizi bamba\u015fka bir d\u00fcnyaya davet ediyor. Y\u00fcksek da\u011flar, derin fiyortlar ve kuzey \u0131\u015f\u0131klar\u0131yla do\u011fan\u0131n b\u00fcy\u00fcleyici bir \u015fov sundu\u011fu bu \u00fclke, macera severler ve do\u011fa tutkunlar\u0131 i\u00e7in bir cennet!<\/p>\n\n\n\n<p><strong>Oslo<\/strong>, modern mimarisi ve zengin m\u00fczeleriyle k\u00fclt\u00fcrel bir yolculuk sunarken, <strong>Bergen<\/strong>, rengarenk tarihi evleriyle sizi fiyortlar\u0131n masals\u0131 kap\u0131s\u0131na g\u00f6t\u00fcr\u00fcyor. <strong>Troms\u00f8<\/strong> ise Kuzey Kutup Dairesi\u2019nin b\u00fcy\u00fcleyici manzaras\u0131 ve Kuzey I\u015f\u0131klar\u0131 deneyimiyle unutulmaz anlar ya\u015fat\u0131yor.<\/p>\n\n\n\n<p>Norve\u00e7\u2019in do\u011fas\u0131 sadece g\u00f6zlerinizi de\u011fil, ruhunuzu da dinlendiriyor. \u015eelaleler, buzullar ve nefes kesen y\u00fcr\u00fcy\u00fc\u015f rotalar\u0131yla dolu manzaralar, kendinizi d\u00fcnyan\u0131n en huzurlu k\u00f6\u015fesinde hissetmenizi sa\u011flayacak. \u00dclkenin geleneksel mutfa\u011f\u0131 ve s\u0131cac\u0131k insanlar\u0131 da bu deneyimi daha \u00f6zel k\u0131l\u0131yor.<\/p>\n\n\n\n<p>Her ad\u0131mda nefes kesen manzaralar ve do\u011fan\u0131n e\u015fsiz armonisiyle Norve\u00e7, unutulmaz bir rota! \ud83c\uddf3\ud83c\uddf4<\/p>\n","protected":false},"excerpt":{"rendered":"<p>Fiyortlar\u0131n b\u00fcy\u00fcl\u00fc \u00fclkesi Norve\u00e7, do\u011fal g\u00fczellikleri ve huzur dolu atmosferiyle sizi bamba\u015fka bir d\u00fcnyaya davet ediyor. Y\u00fcksek da\u011flar, derin fiyortlar<\/p>\n","protected":false},"author":1,"featured_media":0,"parent":0,"menu_order":0,"comment_status":"closed","ping_status":"closed","template":"","meta":{"om_disable_all_campaigns":false,"_mi_skip_tracking":false},"_links":{"self":[{"href":"https:\/\/istikametburasi.com\/index.php\/wp-json\/wp\/v2\/pages\/2310"}],"collection":[{"href":"https:\/\/istikametburasi.com\/index.php\/wp-json\/wp\/v2\/pages"}],"about":[{"href":"https:\/\/istikametburasi.com\/index.php\/wp-json\/wp\/v2\/types\/page"}],"author":[{"embeddable":true,"href":"https:\/\/istikametburasi.com\/index.php\/wp-json\/wp\/v2\/users\/1"}],"replies":[{"embeddable":true,"href":"https:\/\/istikametburasi.com\/index.php\/wp-json\/wp\/v2\/comments?post=2310"}],"version-history":[{"count":2,"href":"https:\/\/istikametburasi.com\/index.php\/wp-json\/wp\/v2\/pages\/2310\/revisions"}],"predecessor-version":[{"id":2317,"href":"https:\/\/istikametburasi.com\/index.php\/wp-json\/wp\/v2\/pages\/2310\/revisions\/2317"}],"wp:attachment":[{"href":"https:\/\/istikametburasi.com\/index.php\/wp-json\/wp\/v2\/media?parent=2310"}],"curies":[{"name":"wp","href":"https:\/\/api.w.org\/{rel}","templated":true}]}}