{"id":620,"date":"2023-10-13T14:29:54","date_gmt":"2023-10-13T12:29:54","guid":{"rendered":"https:\/\/istikametburasi.com\/?page_id=620"},"modified":"2024-12-28T16:21:50","modified_gmt":"2024-12-28T14:21:50","slug":"bologna","status":"publish","type":"page","link":"https:\/\/istikametburasi.com\/index.php\/bologna\/","title":{"rendered":"BOLOGNA"},"content":{"rendered":"\n<figure class=\"is-layout-flex wp-block-gallery-1 wp-block-gallery has-nested-images columns-default is-cropped\">\n<figure class=\"wp-block-image size-large\"><img decoding=\"async\" loading=\"lazy\" width=\"1024\" height=\"1024\" data-id=\"1522\"  src=\"https:\/\/istikametburasi.com\/wp-content\/uploads\/2023\/10\/bologna-1-1024x1024.png\" alt=\"\" class=\"wp-image-1522\" srcset=\"https:\/\/istikametburasi.com\/wp-content\/uploads\/2023\/10\/bologna-1-1024x1024.png 1024w, https:\/\/istikametburasi.com\/wp-content\/uploads\/2023\/10\/bologna-1-300x300.png 300w, https:\/\/istikametburasi.com\/wp-content\/uploads\/2023\/10\/bologna-1-150x150.png 150w, https:\/\/istikametburasi.com\/wp-content\/uploads\/2023\/10\/bologna-1-768x768.png 768w, https:\/\/istikametburasi.com\/wp-content\/uploads\/2023\/10\/bologna-1.png 1080w\" sizes=\"(max-width: 1024px) 100vw, 1024px\" \/><\/figure>\n\n\n\n<figure class=\"wp-block-image size-large\"><img decoding=\"async\" loading=\"lazy\" width=\"1024\" height=\"1024\" data-id=\"1523\"  src=\"https:\/\/istikametburasi.com\/wp-content\/uploads\/2023\/10\/bologna-3-1024x1024.png\" alt=\"\" class=\"wp-image-1523\" srcset=\"https:\/\/istikametburasi.com\/wp-content\/uploads\/2023\/10\/bologna-3-1024x1024.png 1024w, https:\/\/istikametburasi.com\/wp-content\/uploads\/2023\/10\/bologna-3-300x300.png 300w, https:\/\/istikametburasi.com\/wp-content\/uploads\/2023\/10\/bologna-3-150x150.png 150w, https:\/\/istikametburasi.com\/wp-content\/uploads\/2023\/10\/bologna-3-768x768.png 768w, https:\/\/istikametburasi.com\/wp-content\/uploads\/2023\/10\/bologna-3.png 1080w\" sizes=\"(max-width: 1024px) 100vw, 1024px\" \/><\/figure>\n\n\n\n<figure class=\"wp-block-image size-large\"><img decoding=\"async\" loading=\"lazy\" width=\"1024\" height=\"1024\" data-id=\"1524\"  src=\"https:\/\/istikametburasi.com\/wp-content\/uploads\/2023\/10\/bologna-2-1024x1024.png\" alt=\"\" class=\"wp-image-1524\" srcset=\"https:\/\/istikametburasi.com\/wp-content\/uploads\/2023\/10\/bologna-2-1024x1024.png 1024w, https:\/\/istikametburasi.com\/wp-content\/uploads\/2023\/10\/bologna-2-300x300.png 300w, https:\/\/istikametburasi.com\/wp-content\/uploads\/2023\/10\/bologna-2-150x150.png 150w, https:\/\/istikametburasi.com\/wp-content\/uploads\/2023\/10\/bologna-2-768x768.png 768w, https:\/\/istikametburasi.com\/wp-content\/uploads\/2023\/10\/bologna-2.png 1080w\" sizes=\"(max-width: 1024px) 100vw, 1024px\" \/><\/figure>\n<\/figure>\n\n\n\n<p>Gelelim ikinci evime, y\u00fcksek lisans boyunca ya\u015fad\u0131\u011f\u0131m K\u0131z\u0131l \u015eehir lakab\u0131na sahip olan&nbsp;Bologna. Avrupa&#8217;da ve \u00f6zellikle \u0130talya&#8217;da transit noktas\u0131 olarak bilinen \u015fehir, bir\u00e7ok yurtd\u0131\u015f\u0131 u\u00e7u\u015funda veya tren yolculu\u011funda rota \u00fcst\u00fcnde bulunuyor. Orta \u00c7a\u011f atmosferini her bir soka\u011f\u0131nda hissetmenizin m\u00fcmk\u00fcn oldu\u011fu, dokusu neredeyse hi\u00e7 bozulmam\u0131\u015f evlerinin olu\u015fturdu\u011fu etkileyici manzaralar\u0131 sunan bir \u015fehir.<\/p>\n\n\n\n<p>\u015eehre k\u0131z\u0131l lakab\u0131n\u0131n verilmesinin sebebi mimarisinde a\u011f\u0131rl\u0131kl\u0131 olan k\u0131rm\u0131z\u0131 tonlar\u0131ndaki evler kadar, \u015fehrin sol e\u011filimli bir yap\u0131ya sahip olmas\u0131.<\/p>\n\n\n\n<p>D\u00fcnya&#8217;da bilinen en eski \u00fcniversiteye ev sahipli\u011fi yapmas\u0131 da durumu bu \u015fehir i\u00e7in \u00f6zelle\u015ftiriyor.<\/p>\n\n\n\n<p><strong><mark style=\"background-color:rgba(0, 0, 0, 0)\" class=\"has-inline-color has-vivid-red-color\">Bologna Yap\u0131lacaklar Listesi:<\/mark><\/strong><\/p>\n\n\n\n<p>\ud83c\udf06Two Towers tepesine \u00e7\u0131karak \u015fehri izleyin<br>\ud83d\udd14San Petronio Bazilikas\u0131\u2019n\u0131 gezin<br>\u2615\ufe0fMaggiore Meydan\u0131\u2019nda cappucino i\u00e7in<br>\u26f2\ufe0fNept\u00fcn \u00c7e\u015fmesi\u2019ni g\u00f6r\u00fcn<br>\ud83c\udf5dRag\u00f9 alla Bolognese yiyin<br>\ud83d\udc63San Luca\u2019ya \u00e7\u0131k\u0131n<br>\ud83c\udf27Me\u015fhur Porticoes (Revaklar) alt\u0131nda y\u00fcr\u00fcy\u00fcn<br>\ud83c\udffaBologna Arkeoloji M\u00fczesi\u2019ni gezin<br>\ud83d\uddbcMe\u015fhur Ulusal M\u00fcze (Pinacoteca Naizonale)\u2019yi ziyaret edin<br>\u26ea\ufe0fBologna Katedrali\u2019ni gezin<br>\ud83c\udf7dTortellini\u2019yi ana vatan\u0131nda tad\u0131n<br>\ud83c\udfdbPodesta Saray\u0131\u2019n\u0131 g\u00f6r\u00fcn<br>\ud83d\udcf8Venedik Penceresi\u2019nden manzray\u0131 foto\u011fraflay\u0131n<br>\ud83c\udf93\u00dcniversitenin ana binalar\u0131ndan biri olan Archiginnasio\u2019yu g\u00f6r\u00fcn<br>\ud83d\udcdcPrendiparte Kulesi\u2019ni g\u00f6r\u00fcn<\/p>\n\n\n\n<p><\/p>\n\n\n\n<p>\u015eehrin ikonik yap\u0131s\u0131 olan <strong>Asinelli Kulesi<\/strong>\u2019nin biletini ziyaretiniz \u00f6ncesi kendi sitesinden almay\u0131 unutmay\u0131n. Kuleye giri\u015fler saatlik olarak yap\u0131l\u0131yor, yaln\u0131zca bu bilet sahibi gezginler ziyaret edip terasa \u00e7\u0131kabiliyor. <\/p>\n\n\n\n<p>Bologna&#8217;n\u0131n me\u015fhur <strong><mark style=\"background-color:rgba(0, 0, 0, 0)\" class=\"has-inline-color has-vivid-cyan-blue-color\">portico<\/mark> <\/strong>(revak) mimarisine de\u011finmeden ge\u00e7meyece\u011fim. Sokakta y\u00fcr\u00fcmeye ba\u015flad\u0131\u011f\u0131n\u0131z anda, \u00f6zellikle ya\u011fmurlu havalarda, bu revaklar sayesinde on kilometrelerce yolu hi\u00e7 \u0131slanmadan y\u00fcr\u00fcyebilirsiniz. Bologna, \u0130talya&#8217;da ya\u011fmurlar\u0131 ile bilinen \u015fehirlerin ba\u015f\u0131nda geliyor ve bu sebeple de revaklar g\u00fcnl\u00fck hayatta yerel halk veya turistler i\u00e7in olduk\u00e7a \u00f6nemli bir hale geliyor \ud83d\ude42<\/p>\n\n\n\n<p><\/p>\n\n\n\n<p>Bologna S\u0131rlar \u015eehri olarak da biliniyor ve bu ba\u015fl\u0131kta 7 adet s\u0131rr\u0131 oldu\u011fu efsaneler aras\u0131ndad\u0131r. Bunlardan benim en \u00e7ok ho\u015fuma giden &#8220;<strong><mark style=\"background-color:rgba(0, 0, 0, 0)\" class=\"has-inline-color has-luminous-vivid-orange-color\">F\u0131s\u0131ldayan Duvarlar<\/mark><\/strong>&#8220;.<\/p>\n\n\n\n<p>Piazza Maggiore&#8217;de Duomo\u2019nun tam kar\u015f\u0131s\u0131ndaki Palazzo della Podesta\u2019n\u0131n i\u00e7erisinde bulunan, tavan\u0131nda freskler olan kemerli yap\u0131 f\u0131s\u0131ldayan duvarlar olarak biliniyor. E\u011fer bu kemerlerden birisine do\u011fru bakarak f\u0131s\u0131ldarsan\u0131z tam kar\u015f\u0131 \u00e7apraz\u0131n\u0131zda ayn\u0131 pozisyonda bulunan ki\u015fi ne s\u00f6yledi\u011finizi net bir \u015fekilde anlayacakt\u0131r. Efsaneye g\u00f6re orta \u00e7a\u011fda sevgililer gizli gizli konu\u015fabilmek i\u00e7in buray\u0131 kullan\u0131rlarm\u0131\u015f. <\/p>\n\n\n\n<p><strong><mark style=\"background-color:rgba(0, 0, 0, 0)\" class=\"has-inline-color has-vivid-red-color\">\u015eehirde Favori Mekanlar\u0131m:<\/mark><\/strong><\/p>\n\n\n\n<p><strong>Lab 16<\/strong> (Benim favori mekan\u0131m, \u00f6zellikle g\u00fczel havalarda d\u0131\u015far\u0131daki masalar\u0131nda oturup aperitivo gelene\u011fini deneyimleyin. <\/p>\n\n\n\n<p><strong>Cafe Pasticceria Gamberini<\/strong> (Kahvalt\u0131 &amp; Kahve)<\/p>\n\n\n\n<p><strong>Pappare\u2019 <\/strong>(Kahvalt\u0131)<\/p>\n\n\n\n<p><strong>Galliera 49<\/strong> (Dondurma)<\/p>\n\n\n\n<p><strong>Cremeria Santo Stefano<\/strong> (Dondurma)<\/p>\n\n\n\n<p><strong>Caff\u00e8&nbsp;Terzi<\/strong> (Kahve) &#8212; Ayak\u00fcst\u00fc espresso i\u00e7ip yolunuza devam edece\u011finiz bir mekan. Gidip masa bulup oturmay\u0131 beklemeyin, \u0130talya&#8217;daki kahve k\u00fclt\u00fcr\u00fcn\u00fc hissedece\u011finiz bir mekan. \u201cU<em>n caff\u00e8, per favore!<\/em>\u201d dedi\u011finizde \u00f6n\u00fcn\u00fczde espressonuzu g\u00f6receksiniz \ud83d\ude42<\/p>\n\n\n\n<p><strong>Osteria dell\u2019Orsa<\/strong> (En pop\u00fcler restoranlar\u0131n ba\u015f\u0131nda geliyor, Bolognese veya Lazanya denemek i\u00e7in buraya u\u011frayabilirsiniz)<\/p>\n\n\n\n<p><strong>Ristorante Donatello<\/strong> (Biraz daha \u015f\u0131k bir restoran, bir ak\u015fam yeme\u011finizi buras\u0131 i\u00e7in ay\u0131rman\u0131z\u0131 tavsiye ederim)<\/p>\n\n\n\n<p><strong>Pizza Casa<\/strong> (\u00c7ok ucuza pizza yemek isterseniz istikametiniz buras\u0131 olmal\u0131)<\/p>\n\n\n\n<p><strong>L&#8217;Antica Pizzeria da Michele<\/strong> (\u015eehirde yedi\u011fim en g\u00fczel pizzalardan birisi burada olabilir, pizza denemek isteyenler i\u00e7in kesin tavsiyemdir)<\/p>\n\n\n\n<p>\u015eehirde yol \u00fcst\u00fc ge\u00e7erken g\u00f6z\u00fcn\u00fcze bir mekan kestiripte yemek isterseniz diye \u015fimdiden k\u00fc\u00e7\u00fck bir bilgilendirme yapay\u0131m. Osteria, Trattoria ve Restaurant 3 farkl\u0131 konsept, en rahat ve sala\u015f olan <strong><mark style=\"background-color:rgba(0, 0, 0, 0)\" class=\"has-inline-color has-vivid-red-color\">Osteria<\/mark><\/strong>, daha resmi bir ortama sahip olan\u0131 <strong><mark style=\"background-color:rgba(0, 0, 0, 0)\" class=\"has-inline-color has-vivid-red-color\">Trattoria<\/mark><\/strong>, beyaz \u00f6rt\u00fclerle ve servis tak\u0131mlar\u0131yla tam kaliteli mekan haline gelince de <strong><mark style=\"background-color:rgba(0, 0, 0, 0)\" class=\"has-inline-color has-vivid-red-color\">Ristorante<\/mark><\/strong>.<\/p>\n\n\n\n<p>\ud83d\udccc A\u015fa\u011f\u0131da birka\u00e7 turistik durak i\u00e7in\u00a0<strong>k\u0131sa bilgileri<\/strong>\u00a0ekliyorum, \u015fehri gezerken bu duraklar\u0131n tarihi \u00f6nemi gibi detaylar\u0131 bulabilirsiniz.<\/p>\n\n\n\n<p><strong>\ud83c\udf06 Two Towers (Due Torri)<\/strong><\/p>\n\n\n\n<p>Bologna\u2019n\u0131n simgelerinden olan Asinelli ve Garisenda Kuleleri, \u015fehrin Orta \u00c7a\u011f\u2019daki zenginli\u011fini ve g\u00fcc\u00fcn\u00fc temsil ediyor. 97 metre y\u00fcksekli\u011findeki Asinelli Kulesi\u2019ne \u00e7\u0131kabilirseniz, muhte\u015fem bir Bologna manzaras\u0131 sizi bekliyor. Ancak 498 basamak \u00e7\u0131kmaya haz\u0131r olun! Daha k\u0131sa ve e\u011fik olan Garisenda Kulesi ise g\u00f6z al\u0131c\u0131 bir mimari detaya sahip. Burada vakit ge\u00e7irirken Bologna\u2019n\u0131n e\u015fsiz tarihi atmosferini hissedeceksiniz.<\/p>\n\n\n\n<p><strong>\ud83d\udd14 San Petronio Bazilikas\u0131<\/strong><\/p>\n\n\n\n<p>Maggiore Meydan\u0131\u2019nda yer alan bu g\u00f6rkemli bazilika, \u0130talya\u2019n\u0131n en b\u00fcy\u00fck kiliselerinden biri. Yap\u0131m\u0131 14. y\u00fczy\u0131lda ba\u015flam\u0131\u015f ve h\u00e2l\u00e2 tamamlanmam\u0131\u015f olan d\u0131\u015f cephesiyle dikkat \u00e7eker. \u0130\u00e7erideki mermer s\u00fcslemeler, freskler ve \u00fcnl\u00fc Gnomon (astronomik \u00f6l\u00e7\u00fcm arac\u0131) sizi b\u00fcy\u00fcleyecek. San Petronio, yaln\u0131zca dini bir mekan de\u011fil, ayn\u0131 zamanda \u015fehrin tarihine dair bir hazinedir.<\/p>\n\n\n\n<p><strong>\ud83c\udf27 Porticoes (Revaklar)<\/strong><\/p>\n\n\n\n<p>Bologna, d\u00fcnyan\u0131n en uzun revak sistemine sahip; toplamda 38 kilometreyi bulan bu yap\u0131lar, \u015fehri e\u015fsiz k\u0131lan \u00f6zelliklerden biri. Ya\u011fmurlu bir g\u00fcnde bile kuru kalman\u0131za yard\u0131mc\u0131 olur \ud83d\ude42 \u00d6zellikle 3.5 kilometre uzunlu\u011fundaki San Luca revak\u0131, sizi \u015fehirden tepedeki San Luca Bazilikas\u0131\u2019na g\u00f6t\u00fcr\u00fcr. Bu yol, hem huzur veren bir y\u00fcr\u00fcy\u00fc\u015f hem de tarihi bir deneyim sunuyor.<\/p>\n\n\n\n<p><strong>\ud83c\udf5d Rag\u00f9 alla Bolognese ve Tortellini<\/strong><\/p>\n\n\n\n<p>Bologna, \u0130talyan mutfa\u011f\u0131n\u0131n ba\u015fkenti olarak biliniyor ve burada yeme\u011fin tad\u0131na varmak bir sanat. Geleneksel <em>Rag\u00f9 alla Bolognese<\/em>, taze makarna \u00fczerinde servis edilen zengin bir et sosu, mutlaka tad\u0131lmas\u0131 gereken bir lezzet. Ayr\u0131ca, k\u00fc\u00e7\u00fck hamur ceplerinin i\u00e7i doldurulmu\u015f olan <em>Tortellini<\/em>, Bologna mutfa\u011f\u0131n\u0131n bir ba\u015fka klasik lezzeti. \u015eehrin samimi trattorialar\u0131ndan birinde bu yemekleri tatmadan Bologna\u2019dan d\u00f6nmek olmaz!<\/p>\n\n\n\n<p>Bologna ile ilgili t\u00fcm detaylar\u0131\u00a0<a href=\"https:\/\/www.instagram.com\/istikametburasi\">Instagram profilimde<\/a>\u00a0\u00f6ne \u00e7\u0131kanlar k\u0131sm\u0131ndaki \u201c\ud83c\uddee\ud83c\uddf9 Bologna\u201d ba\u015fl\u0131\u011f\u0131 alt\u0131nda bulabilirsiniz.<\/p>\n","protected":false},"excerpt":{"rendered":"<p>Gelelim ikinci evime, y\u00fcksek lisans boyunca ya\u015fad\u0131\u011f\u0131m K\u0131z\u0131l \u015eehir lakab\u0131na sahip olan&nbsp;Bologna. Avrupa&#8217;da ve \u00f6zellikle \u0130talya&#8217;da transit noktas\u0131 olarak bilinen<\/p>\n","protected":false},"author":1,"featured_media":0,"parent":0,"menu_order":0,"comment_status":"closed","ping_status":"closed","template":"","meta":{"om_disable_all_campaigns":false,"_mi_skip_tracking":false},"_links":{"self":[{"href":"https:\/\/istikametburasi.com\/index.php\/wp-json\/wp\/v2\/pages\/620"}],"collection":[{"href":"https:\/\/istikametburasi.com\/index.php\/wp-json\/wp\/v2\/pages"}],"about":[{"href":"https:\/\/istikametburasi.com\/index.php\/wp-json\/wp\/v2\/types\/page"}],"author":[{"embeddable":true,"href":"https:\/\/istikametburasi.com\/index.php\/wp-json\/wp\/v2\/users\/1"}],"replies":[{"embeddable":true,"href":"https:\/\/istikametburasi.com\/index.php\/wp-json\/wp\/v2\/comments?post=620"}],"version-history":[{"count":8,"href":"https:\/\/istikametburasi.com\/index.php\/wp-json\/wp\/v2\/pages\/620\/revisions"}],"predecessor-version":[{"id":2259,"href":"https:\/\/istikametburasi.com\/index.php\/wp-json\/wp\/v2\/pages\/620\/revisions\/2259"}],"wp:attachment":[{"href":"https:\/\/istikametburasi.com\/index.php\/wp-json\/wp\/v2\/media?parent=620"}],"curies":[{"name":"wp","href":"https:\/\/api.w.org\/{rel}","templated":true}]}}