{"id":639,"date":"2023-10-10T22:45:29","date_gmt":"2023-10-10T20:45:29","guid":{"rendered":"https:\/\/istikametburasi.com\/?page_id=639"},"modified":"2024-12-11T23:20:22","modified_gmt":"2024-12-11T21:20:22","slug":"uskup","status":"publish","type":"page","link":"https:\/\/istikametburasi.com\/index.php\/uskup\/","title":{"rendered":"\u00dcSK\u00dcP"},"content":{"rendered":"\n<figure class=\"is-layout-flex wp-block-gallery-1 wp-block-gallery has-nested-images columns-default is-cropped\">\n<figure class=\"wp-block-image size-large\"><img decoding=\"async\" loading=\"lazy\" width=\"1024\" height=\"1024\" data-id=\"1472\"  src=\"https:\/\/istikametburasi.com\/wp-content\/uploads\/2023\/10\/uskup-4-1024x1024.png\" alt=\"\" class=\"wp-image-1472\" srcset=\"https:\/\/istikametburasi.com\/wp-content\/uploads\/2023\/10\/uskup-4-1024x1024.png 1024w, https:\/\/istikametburasi.com\/wp-content\/uploads\/2023\/10\/uskup-4-300x300.png 300w, https:\/\/istikametburasi.com\/wp-content\/uploads\/2023\/10\/uskup-4-150x150.png 150w, https:\/\/istikametburasi.com\/wp-content\/uploads\/2023\/10\/uskup-4-768x768.png 768w, https:\/\/istikametburasi.com\/wp-content\/uploads\/2023\/10\/uskup-4.png 1080w\" sizes=\"(max-width: 1024px) 100vw, 1024px\" \/><\/figure>\n\n\n\n<figure class=\"wp-block-image size-large\"><img decoding=\"async\" loading=\"lazy\" width=\"1024\" height=\"1024\" data-id=\"1473\"  src=\"https:\/\/istikametburasi.com\/wp-content\/uploads\/2023\/10\/uskup-1-1024x1024.png\" alt=\"\" class=\"wp-image-1473\" srcset=\"https:\/\/istikametburasi.com\/wp-content\/uploads\/2023\/10\/uskup-1-1024x1024.png 1024w, https:\/\/istikametburasi.com\/wp-content\/uploads\/2023\/10\/uskup-1-300x300.png 300w, https:\/\/istikametburasi.com\/wp-content\/uploads\/2023\/10\/uskup-1-150x150.png 150w, https:\/\/istikametburasi.com\/wp-content\/uploads\/2023\/10\/uskup-1-768x768.png 768w, https:\/\/istikametburasi.com\/wp-content\/uploads\/2023\/10\/uskup-1.png 1080w\" sizes=\"(max-width: 1024px) 100vw, 1024px\" \/><\/figure>\n\n\n\n<figure class=\"wp-block-image size-large\"><img decoding=\"async\" loading=\"lazy\" width=\"1024\" height=\"1024\" data-id=\"1474\"  src=\"https:\/\/istikametburasi.com\/wp-content\/uploads\/2023\/10\/uskup-3-1024x1024.png\" alt=\"\" class=\"wp-image-1474\" srcset=\"https:\/\/istikametburasi.com\/wp-content\/uploads\/2023\/10\/uskup-3-1024x1024.png 1024w, https:\/\/istikametburasi.com\/wp-content\/uploads\/2023\/10\/uskup-3-300x300.png 300w, https:\/\/istikametburasi.com\/wp-content\/uploads\/2023\/10\/uskup-3-150x150.png 150w, https:\/\/istikametburasi.com\/wp-content\/uploads\/2023\/10\/uskup-3-768x768.png 768w, https:\/\/istikametburasi.com\/wp-content\/uploads\/2023\/10\/uskup-3.png 1080w\" sizes=\"(max-width: 1024px) 100vw, 1024px\" \/><\/figure>\n<\/figure>\n\n\n\n<p>\ud83c\uddf2\ud83c\uddf0Makedonya\u2019n\u0131n ba\u015fkenti \u00dcsk\u00fcp, T\u00fcrkler taraf\u0131ndan s\u0131kl\u0131kla tercih edilen rotalardan biri. Hem vize istememesi hem de ucuz bir \u00fclke olmas\u0131 sebebiyle olduk\u00e7a pop\u00fcler.<\/p>\n\n\n\n<p>\ud83c\udfd9 Makedonya Meydan\u0131 \u015fehrin en canl\u0131 noktas\u0131. Ta\u015f K\u00f6pr\u00fc\u2019n\u00fcn bir aya\u011f\u0131n\u0131n \u00e7\u0131kt\u0131\u011f\u0131 meydanda devasa bir B\u00fcy\u00fck \u0130skender Heykeli ve yak\u0131nlar\u0131nda onlarca farkl\u0131 heykel g\u00f6rmeniz m\u00fcmk\u00fcn.<\/p>\n\n\n\n<p>\ud83c\udfdb Meydan\u0131n kar\u015f\u0131s\u0131nda, Ta\u015f K\u00f6pr\u00fc\u2019n\u00fcn hemen dibinde bulunan ve g\u00fczel bir d\u0131\u015f mimariye sahip olan Arkeoloji M\u00fczesi, i\u00e7erisinde 6 binden fazla eser bulunduruyor. Giri\u015f \u00fccreti 120 Makedon Dinar\u0131 (30 TL).<\/p>\n\n\n\n<p>\u2694\ufe0f Makedonya M\u00fccadele M\u00fczesi, Arkeoloji M\u00fczesi\u2019ne 5 dakika y\u00fcr\u00fcme mesafesinde bulunuyor. 16 farkl\u0131 b\u00f6l\u00fcmden olu\u015fuyor ve 109 farkl\u0131 ki\u015finin balmumu heykelini bar\u0131nd\u0131r\u0131yor. Gezerken \u00e7ok keyif ald\u0131\u011f\u0131m ve hayran kald\u0131\u011f\u0131m bir m\u00fcze oldu. \u00dcsk\u00fcp\u2019te kesinlikle ziyaret etmeniz gereken bir yer.<\/p>\n\n\n\n<p>\ud83c\udfd8 Eski T\u00fcrk \u00c7ar\u015f\u0131s\u0131 ise \u015fehrin dokusu bozulmam\u0131\u015f noktas\u0131 olarak biliniyor. \u0130htiyac\u0131n\u0131z olan her \u015feyi bulabilece\u011finiz bu \u00e7ar\u015f\u0131da T\u00fcrk\u00e7e konu\u015fan esnaflara da rastlaman\u0131z m\u00fcmk\u00fcn.<\/p>\n\n\n\n<p>\ud83d\udd14 Saint Clement Kilisesi, \u015fehirde gezilecek t\u00fcm noktalara biraz daha uzak olsa da kesinlikle gitmenizi \u00f6nerdi\u011fim bir durak. \u0130\u00e7erisine girdi\u011finizde atmosfer ve \u00e7izimler sizi olduk\u00e7a etkileyecektir diye d\u00fc\u015f\u00fcn\u00fcyorum.<\/p>\n\n\n\n<p>\ud83c\udff0 \u00dcsk\u00fcp Kalesi, giri\u015fi \u00fccretsiz olan ve t\u00fcm \u015fehre ku\u015f bak\u0131\u015f\u0131 hakimiyet kurman\u0131za yard\u0131mc\u0131 bir nokta. Surlar\u0131n \u00fczerinde y\u00fcr\u00fcmek ve foto\u011fraf \u00e7ekmek olduk\u00e7a keyifli. Ayr\u0131ca yan\u0131n\u0131za kahvelerinizi al\u0131rsan\u0131z, surlar\u0131n \u00fczerinde bulunan kulelerde oturarak keyifli zaman ge\u00e7irebilirsiniz.<\/p>\n\n\n\n<p>\ud83d\uddff\u015eehri gezerken her noktada heykel g\u00f6rmeniz m\u00fcmk\u00fcn. Hatta bir s\u00fcre sonra bu kadar \u00e7ok heykel olmas\u0131 rahats\u0131z edici olabiliyor. Bu heykel \u00e7oklu\u011funun sebebi \u201c\u00dcsk\u00fcp 2014\u201d isimli projeymi\u015f. Ya\u015fanan deprem sonras\u0131 \u015fehri tekrar aya\u011fa kald\u0131rmak amac\u0131yla ba\u015flat\u0131lan proje ile 20\u2019den fazla bina ve 40\u2019tan fazla heykel in\u015fas\u0131na ba\u015flanm\u0131\u015f.<\/p>\n\n\n\n<p>\ud83c\udfde \u015eehirde ziyaret edebilece\u011finiz di\u011fer duraklar, Matka Kanyonu, Vodno Da\u011f\u0131, Milenyum Ha\u00e7\u0131, Rahibe Terasa Evi, \u00c7ifte Hamam, Kapan Han, Sanat K\u00f6pr\u00fcs\u00fc ve Mustafa Pa\u015fa Camii.<\/p>\n\n\n\n<p><strong>\u2708\ufe0f ULA\u015eIM<\/strong><\/p>\n\n\n\n<p>\ud83d\ude8c Ohrid\u2019de havaliman\u0131 bulunuyor, fakat genelde u\u00e7u\u015flar \u00dcsk\u00fcp\u2019e yap\u0131l\u0131yor. \u00dcsk\u00fcp\u2019ten Ohrid\u2019e \u00e7ok s\u0131k otob\u00fcs seferleri bulunuyor. Yolculuk yakla\u015f\u0131k 3 saat s\u00fcr\u00fcyor ve bilet 680 Makedon Dinar\u0131 (180\u20ba) tutuyor.<\/p>\n\n\n\n<p>\ud83d\udc63 Ohrid\u2019in i\u00e7inde gezilecek olan turistik yerlerin hepsine y\u00fcr\u00fcyerek ula\u015fabilirsiniz. Sadece St. Naum Manast\u0131r\u0131 ve Bay of Bones M\u00fczesi, Old Town\u2019a uzak konumda. Buralara da ister otob\u00fcs isterseniz de taksi ile gidebilirsiniz. Ben taksiye 17\u20ac vermi\u015ftim, gidi\u015f- geli\u015f ve orada bekleme olarak ayarlam\u0131\u015ft\u0131m.<\/p>\n\n\n\n<p>\ud83c\udfd8 Ohrid\u2019e gitmi\u015fken yak\u0131nda bulunan Manast\u0131r (Bitola) \u015fehrine de u\u011fray\u0131n derim. Otob\u00fcs ile 180 Makedon Dinar\u0131 (48\u20ba) bilet fiyat\u0131 ile gidebilece\u011finiz \u015fehirde, Atat\u00fcrk\u2019\u00fcn Askeri Okulu ve renkli \u015fehir merkezini g\u00f6rmenizi \u00f6neririm.<\/p>\n\n\n\n<p><strong>\ud83c\udf7d YEME-\u0130\u00c7ME<\/strong><\/p>\n\n\n\n<p>\ud83c\udf72Y\u00f6resel Makedon yemeklerini tatmak isterseniz, Belvedere, Sveta Sofija, Kaneo ve Kaj Kanevche \u00f6nerece\u011fim restoranlar olacak. \u0130kinci foto\u011frafta g\u00f6rd\u00fc\u011f\u00fcn\u00fcz Ohrid G\u00f6l\u00fc\u2019nde yeti\u015fen Alabal\u0131k G\u00fcve\u00e7\u2019in fiyat\u0131 450 Makedon Dinar\u0131 (118\u20ba). Tek ki\u015fi i\u00e7in olduk\u00e7a doyurucuydu ve \u00e7ok lezzetliydi.<\/p>\n\n\n\n<p>\ud83c\udf73Kahvalt\u0131 i\u00e7in Old Town\u2019da g\u00f6l\u00fcn kenar\u0131nda bulunan merkezde \u201cInstinct Pizza Bar\u201d adl\u0131 bir mekan var. Olduk\u00e7a geni\u015f bir kahvalt\u0131 men\u00fcs\u00fc var. Sabahlar\u0131 sakin g\u00f6l manzaras\u0131 ile burada kahvalt\u0131 yapmak \u00e7ok g\u00fczel. Ben Ohrid Breakfast yemi\u015ftim, fiyat\u0131 150 Makedon Dinar\u0131 (40\u20ba).<\/p>\n\n\n\n<p>\ud83c\udf55 Aceleniz varsa ve h\u0131zl\u0131 bir \u015feyler at\u0131\u015ft\u0131rmak isterseniz, Old Town\u2019un ara sokaklar\u0131nda bulunan Di Angolo Pizzeria\u2019ya u\u011fray\u0131n derim. Ger\u00e7ekten temiz bir mekan ve \u00e7ok lezzetli pizzalar\u0131 var.<\/p>\n\n\n\n<p><strong>\ud83c\udfe1 KONAKLAMA<\/strong><\/p>\n\n\n\n<p>\ud83d\udece Ohrid\u2019de konaklama ad\u0131na Old Town\u2019un i\u00e7inde say\u0131s\u0131z se\u00e7ene\u011finiz bulunuyor. Bir\u00e7o\u011fu aile i\u015fletmesi olan otellerin hemen hemen hepsi ayn\u0131 konseptte.<\/p>\n\n\n\n<p>\ud83c\udfe8 Benim tercihim \u201cVilla Kale\u201d olmu\u015ftu. Yine bir aile i\u015fletmesi olan otelde, g\u00fcnl\u00fck gezi rotalar\u0131mdan, ula\u015f\u0131m\u0131ma ve yeme\u011fe kadar her anlamda inan\u0131lmaz yard\u0131mc\u0131 olmu\u015flard\u0131. Odalar \u00e7ok temiz ve feraht\u0131.<\/p>\n\n\n\n<p>Daha fazla bilgi i\u00e7in <a rel=\"noreferrer noopener\" href=\"https:\/\/www.instagram.com\/istikametburasi\/\" data-type=\"URL\" data-id=\"https:\/\/www.instagram.com\/istikametburasi\/\" target=\"_blank\">Instagram profilimde<\/a> \u00f6ne \u00e7\u0131kan \u201c\ud83c\uddf2\ud83c\uddf0 \u00dcsk\u00fcp\u201d hikayelerine bakabilirsiniz.<\/p>\n","protected":false},"excerpt":{"rendered":"<p>\ud83c\uddf2\ud83c\uddf0Makedonya\u2019n\u0131n ba\u015fkenti \u00dcsk\u00fcp, T\u00fcrkler taraf\u0131ndan s\u0131kl\u0131kla tercih edilen rotalardan biri. Hem vize istememesi hem de ucuz bir \u00fclke olmas\u0131 sebebiyle<\/p>\n","protected":false},"author":1,"featured_media":0,"parent":0,"menu_order":0,"comment_status":"closed","ping_status":"closed","template":"","meta":{"om_disable_all_campaigns":false,"_mi_skip_tracking":false},"_links":{"self":[{"href":"https:\/\/istikametburasi.com\/index.php\/wp-json\/wp\/v2\/pages\/639"}],"collection":[{"href":"https:\/\/istikametburasi.com\/index.php\/wp-json\/wp\/v2\/pages"}],"about":[{"href":"https:\/\/istikametburasi.com\/index.php\/wp-json\/wp\/v2\/types\/page"}],"author":[{"embeddable":true,"href":"https:\/\/istikametburasi.com\/index.php\/wp-json\/wp\/v2\/users\/1"}],"replies":[{"embeddable":true,"href":"https:\/\/istikametburasi.com\/index.php\/wp-json\/wp\/v2\/comments?post=639"}],"version-history":[{"count":3,"href":"https:\/\/istikametburasi.com\/index.php\/wp-json\/wp\/v2\/pages\/639\/revisions"}],"predecessor-version":[{"id":2164,"href":"https:\/\/istikametburasi.com\/index.php\/wp-json\/wp\/v2\/pages\/639\/revisions\/2164"}],"wp:attachment":[{"href":"https:\/\/istikametburasi.com\/index.php\/wp-json\/wp\/v2\/media?parent=639"}],"curies":[{"name":"wp","href":"https:\/\/api.w.org\/{rel}","templated":true}]}}