{"id":642,"date":"2023-10-10T23:10:19","date_gmt":"2023-10-10T21:10:19","guid":{"rendered":"https:\/\/istikametburasi.com\/?page_id=642"},"modified":"2023-10-10T23:10:19","modified_gmt":"2023-10-10T21:10:19","slug":"tetovo","status":"publish","type":"page","link":"https:\/\/istikametburasi.com\/index.php\/tetovo\/","title":{"rendered":"TETOVO"},"content":{"rendered":"\n<figure class=\"is-layout-flex wp-block-gallery-1 wp-block-gallery has-nested-images columns-default is-cropped\">\n<figure class=\"wp-block-image size-large\"><img decoding=\"async\" loading=\"lazy\" width=\"1024\" height=\"1024\" data-id=\"1485\"  src=\"https:\/\/istikametburasi.com\/wp-content\/uploads\/2023\/10\/tetovo-2-1024x1024.png\" alt=\"\" class=\"wp-image-1485\" srcset=\"https:\/\/istikametburasi.com\/wp-content\/uploads\/2023\/10\/tetovo-2-1024x1024.png 1024w, https:\/\/istikametburasi.com\/wp-content\/uploads\/2023\/10\/tetovo-2-300x300.png 300w, https:\/\/istikametburasi.com\/wp-content\/uploads\/2023\/10\/tetovo-2-150x150.png 150w, https:\/\/istikametburasi.com\/wp-content\/uploads\/2023\/10\/tetovo-2-768x768.png 768w, https:\/\/istikametburasi.com\/wp-content\/uploads\/2023\/10\/tetovo-2.png 1080w\" sizes=\"(max-width: 1024px) 100vw, 1024px\" \/><\/figure>\n\n\n\n<figure class=\"wp-block-image size-large\"><img decoding=\"async\" loading=\"lazy\" width=\"1024\" height=\"1024\" data-id=\"1487\"  src=\"https:\/\/istikametburasi.com\/wp-content\/uploads\/2023\/10\/tetovo-1-1024x1024.png\" alt=\"\" class=\"wp-image-1487\" srcset=\"https:\/\/istikametburasi.com\/wp-content\/uploads\/2023\/10\/tetovo-1-1024x1024.png 1024w, https:\/\/istikametburasi.com\/wp-content\/uploads\/2023\/10\/tetovo-1-300x300.png 300w, https:\/\/istikametburasi.com\/wp-content\/uploads\/2023\/10\/tetovo-1-150x150.png 150w, https:\/\/istikametburasi.com\/wp-content\/uploads\/2023\/10\/tetovo-1-768x768.png 768w, https:\/\/istikametburasi.com\/wp-content\/uploads\/2023\/10\/tetovo-1.png 1080w\" sizes=\"(max-width: 1024px) 100vw, 1024px\" \/><\/figure>\n\n\n\n<figure class=\"wp-block-image size-large\"><img decoding=\"async\" loading=\"lazy\" width=\"1006\" height=\"1008\" data-id=\"1486\"  src=\"https:\/\/istikametburasi.com\/wp-content\/uploads\/2023\/10\/tetovo-4.png\" alt=\"\" class=\"wp-image-1486\" srcset=\"https:\/\/istikametburasi.com\/wp-content\/uploads\/2023\/10\/tetovo-4.png 1006w, https:\/\/istikametburasi.com\/wp-content\/uploads\/2023\/10\/tetovo-4-300x300.png 300w, https:\/\/istikametburasi.com\/wp-content\/uploads\/2023\/10\/tetovo-4-150x150.png 150w, https:\/\/istikametburasi.com\/wp-content\/uploads\/2023\/10\/tetovo-4-768x770.png 768w\" sizes=\"(max-width: 1006px) 100vw, 1006px\" \/><\/figure>\n<\/figure>\n\n\n\n<p>\ud83d\udd4c Kuzey Makedonya&#8217;n\u0131n Tetovo (Kalkandelen) \u015fehrinde bulunan Osmanl\u0131 miras\u0131 <strong>Alaca Camii<\/strong>, di\u011fer bir ad\u0131yla Renkli Cami, zarafetiyle ender tarihi yap\u0131lardan biri olarak g\u00f6steriliyor.<\/p>\n\n\n\n<p>\ud83c\udfa8 Caminin avlusuna ad\u0131m att\u0131\u011f\u0131n\u0131z andan itibaren etkilenmemek elde de\u011fil. \u0130\u00e7 ve d\u0131\u015f mimarisinde kullan\u0131lan renkler, resimler ve s\u00fcslemeler caminin bir sanat harikas\u0131 olarak an\u0131lmas\u0131na yol a\u00e7\u0131yor.<\/p>\n\n\n\n<p>\ud83e\udd5a Bu g\u00fczel g\u00f6r\u00fcnt\u00fcn\u00fcn uzun y\u0131llar korunmas\u0131 i\u00e7in tadilat\u0131 s\u0131ras\u0131nda 10 binlerce yumurta kullan\u0131ld\u0131\u011f\u0131 sanat tarihi kaynaklar\u0131nda belirtiliyormu\u015f.<\/p>\n\n\n\n<p>\u262a\ufe0f Hur\u015fide ve Mensure k\u0131z karde\u015flerin \u00e7eyiz paralar\u0131n\u0131 ba\u011f\u0131\u015flayarak 15. y\u00fczy\u0131lda yapt\u0131rd\u0131\u011f\u0131 rivayet edilen cami, \u015fehrin simgesi haline gelmi\u015f. G\u00fcn\u00fcm\u00fczde ise halen daha ibadete a\u00e7\u0131k.<\/p>\n\n\n\n<p>\ud83d\ude8c E\u011fer yolunuz \u00dcsk\u00fcp\u2019e d\u00fc\u015ferse, \u015fehir terminalinden her saat ba\u015f\u0131 kalkan Tetovo otob\u00fcsleri ile \u015fehre gelebilirsiniz. Ard\u0131ndan, Tetovo Otob\u00fcs Terminalinden 15-20 dakika y\u00fcr\u00fcyerek \u015fehri ortadan ikiye ay\u0131ran Pena Nehri yak\u0131n\u0131nda bulunan Alaca Camii\u2019yi ziyaret edebilirsiniz.<\/p>\n","protected":false},"excerpt":{"rendered":"<p>\ud83d\udd4c Kuzey Makedonya&#8217;n\u0131n Tetovo (Kalkandelen) \u015fehrinde bulunan Osmanl\u0131 miras\u0131 Alaca Camii, di\u011fer bir ad\u0131yla Renkli Cami, zarafetiyle ender tarihi yap\u0131lardan<\/p>\n","protected":false},"author":1,"featured_media":0,"parent":0,"menu_order":0,"comment_status":"closed","ping_status":"closed","template":"","meta":{"om_disable_all_campaigns":false,"_mi_skip_tracking":false},"_links":{"self":[{"href":"https:\/\/istikametburasi.com\/index.php\/wp-json\/wp\/v2\/pages\/642"}],"collection":[{"href":"https:\/\/istikametburasi.com\/index.php\/wp-json\/wp\/v2\/pages"}],"about":[{"href":"https:\/\/istikametburasi.com\/index.php\/wp-json\/wp\/v2\/types\/page"}],"author":[{"embeddable":true,"href":"https:\/\/istikametburasi.com\/index.php\/wp-json\/wp\/v2\/users\/1"}],"replies":[{"embeddable":true,"href":"https:\/\/istikametburasi.com\/index.php\/wp-json\/wp\/v2\/comments?post=642"}],"version-history":[{"count":2,"href":"https:\/\/istikametburasi.com\/index.php\/wp-json\/wp\/v2\/pages\/642\/revisions"}],"predecessor-version":[{"id":1488,"href":"https:\/\/istikametburasi.com\/index.php\/wp-json\/wp\/v2\/pages\/642\/revisions\/1488"}],"wp:attachment":[{"href":"https:\/\/istikametburasi.com\/index.php\/wp-json\/wp\/v2\/media?parent=642"}],"curies":[{"name":"wp","href":"https:\/\/api.w.org\/{rel}","templated":true}]}}