{"id":975,"date":"2023-10-01T19:22:33","date_gmt":"2023-10-01T17:22:33","guid":{"rendered":"https:\/\/istikametburasi.com\/?page_id=975"},"modified":"2023-11-12T13:36:01","modified_gmt":"2023-11-12T11:36:01","slug":"ispanya-2","status":"publish","type":"page","link":"https:\/\/istikametburasi.com\/index.php\/ispanya-2\/","title":{"rendered":"\u0130SPANYA"},"content":{"rendered":"\n<p>Flamenko&#8217;nun, Paella&#8217;n\u0131n, Tapas&#8217;\u0131n, Churros&#8217;un, Gazpazho&#8217;nun ve daha bir\u00e7ok g\u00fczelli\u011fin diyar\u0131 \u0130spanya \ud83c\uddea\ud83c\uddf8<\/p>\n\n\n\n<p>Koca bir tarihi bar\u0131nd\u0131ran ve e\u015fsiz mimarilere ev sahipli\u011fi yapan <strong>End\u00fcl\u00fcs<\/strong> B\u00f6lgesi, Gaudi&#8217;nin en \u00f6zel eserlerini sunan ve gecesi g\u00fcnd\u00fcz\u00fc ayr\u0131 etkileyici olan <strong>Barselona<\/strong>, Kraliyet \u015fehri <strong>Madrid<\/strong> ve daha fazlas\u0131 sizi bekliyor&#8230; <\/p>\n\n\n\n<figure class=\"wp-block-image aligncenter size-large\"><img decoding=\"async\" loading=\"lazy\" width=\"576\" height=\"1024\" src=\"https:\/\/istikametburasi.com\/wp-content\/uploads\/2023\/11\/Barcelona-siteRota-576x1024.png\" alt=\"\" class=\"wp-image-1670\" srcset=\"https:\/\/istikametburasi.com\/wp-content\/uploads\/2023\/11\/Barcelona-siteRota-576x1024.png 576w, https:\/\/istikametburasi.com\/wp-content\/uploads\/2023\/11\/Barcelona-siteRota-169x300.png 169w, https:\/\/istikametburasi.com\/wp-content\/uploads\/2023\/11\/Barcelona-siteRota-768x1365.png 768w, https:\/\/istikametburasi.com\/wp-content\/uploads\/2023\/11\/Barcelona-siteRota-864x1536.png 864w, https:\/\/istikametburasi.com\/wp-content\/uploads\/2023\/11\/Barcelona-siteRota.png 1080w\" sizes=\"(max-width: 576px) 100vw, 576px\" \/><\/figure>\n\n\n\n<figure class=\"wp-block-image aligncenter size-large\"><img decoding=\"async\" loading=\"lazy\" width=\"576\" height=\"1024\" src=\"https:\/\/istikametburasi.com\/wp-content\/uploads\/2023\/11\/Sevilla-siteRota-576x1024.png\" alt=\"\" class=\"wp-image-1671\" srcset=\"https:\/\/istikametburasi.com\/wp-content\/uploads\/2023\/11\/Sevilla-siteRota-576x1024.png 576w, https:\/\/istikametburasi.com\/wp-content\/uploads\/2023\/11\/Sevilla-siteRota-169x300.png 169w, https:\/\/istikametburasi.com\/wp-content\/uploads\/2023\/11\/Sevilla-siteRota-768x1365.png 768w, https:\/\/istikametburasi.com\/wp-content\/uploads\/2023\/11\/Sevilla-siteRota-864x1536.png 864w, https:\/\/istikametburasi.com\/wp-content\/uploads\/2023\/11\/Sevilla-siteRota.png 1080w\" sizes=\"(max-width: 576px) 100vw, 576px\" \/><\/figure>\n\n\n\n<figure class=\"wp-block-image aligncenter size-large\"><img decoding=\"async\" loading=\"lazy\" width=\"576\" height=\"1024\" src=\"https:\/\/istikametburasi.com\/wp-content\/uploads\/2023\/11\/Valencia-siteRota-576x1024.png\" alt=\"\" class=\"wp-image-1672\" srcset=\"https:\/\/istikametburasi.com\/wp-content\/uploads\/2023\/11\/Valencia-siteRota-576x1024.png 576w, https:\/\/istikametburasi.com\/wp-content\/uploads\/2023\/11\/Valencia-siteRota-169x300.png 169w, https:\/\/istikametburasi.com\/wp-content\/uploads\/2023\/11\/Valencia-siteRota-768x1365.png 768w, https:\/\/istikametburasi.com\/wp-content\/uploads\/2023\/11\/Valencia-siteRota-864x1536.png 864w, https:\/\/istikametburasi.com\/wp-content\/uploads\/2023\/11\/Valencia-siteRota.png 1080w\" sizes=\"(max-width: 576px) 100vw, 576px\" \/><\/figure>\n\n\n\n<figure class=\"wp-block-image aligncenter size-large\"><img decoding=\"async\" loading=\"lazy\" width=\"576\" height=\"1024\" src=\"https:\/\/istikametburasi.com\/wp-content\/uploads\/2023\/11\/Granada-siteRota-576x1024.png\" alt=\"\" class=\"wp-image-1674\" srcset=\"https:\/\/istikametburasi.com\/wp-content\/uploads\/2023\/11\/Granada-siteRota-576x1024.png 576w, https:\/\/istikametburasi.com\/wp-content\/uploads\/2023\/11\/Granada-siteRota-169x300.png 169w, https:\/\/istikametburasi.com\/wp-content\/uploads\/2023\/11\/Granada-siteRota-768x1365.png 768w, https:\/\/istikametburasi.com\/wp-content\/uploads\/2023\/11\/Granada-siteRota-864x1536.png 864w, https:\/\/istikametburasi.com\/wp-content\/uploads\/2023\/11\/Granada-siteRota.png 1080w\" sizes=\"(max-width: 576px) 100vw, 576px\" \/><\/figure>\n","protected":false},"excerpt":{"rendered":"<p>Flamenko&#8217;nun, Paella&#8217;n\u0131n, Tapas&#8217;\u0131n, Churros&#8217;un, Gazpazho&#8217;nun ve daha bir\u00e7ok g\u00fczelli\u011fin diyar\u0131 \u0130spanya \ud83c\uddea\ud83c\uddf8 Koca bir tarihi bar\u0131nd\u0131ran ve e\u015fsiz mimarilere ev<\/p>\n","protected":false},"author":1,"featured_media":0,"parent":0,"menu_order":0,"comment_status":"closed","ping_status":"closed","template":"","meta":{"om_disable_all_campaigns":false,"_mi_skip_tracking":false},"_links":{"self":[{"href":"https:\/\/istikametburasi.com\/index.php\/wp-json\/wp\/v2\/pages\/975"}],"collection":[{"href":"https:\/\/istikametburasi.com\/index.php\/wp-json\/wp\/v2\/pages"}],"about":[{"href":"https:\/\/istikametburasi.com\/index.php\/wp-json\/wp\/v2\/types\/page"}],"author":[{"embeddable":true,"href":"https:\/\/istikametburasi.com\/index.php\/wp-json\/wp\/v2\/users\/1"}],"replies":[{"embeddable":true,"href":"https:\/\/istikametburasi.com\/index.php\/wp-json\/wp\/v2\/comments?post=975"}],"version-history":[{"count":4,"href":"https:\/\/istikametburasi.com\/index.php\/wp-json\/wp\/v2\/pages\/975\/revisions"}],"predecessor-version":[{"id":1675,"href":"https:\/\/istikametburasi.com\/index.php\/wp-json\/wp\/v2\/pages\/975\/revisions\/1675"}],"wp:attachment":[{"href":"https:\/\/istikametburasi.com\/index.php\/wp-json\/wp\/v2\/media?parent=975"}],"curies":[{"name":"wp","href":"https:\/\/api.w.org\/{rel}","templated":true}]}}