{"id":977,"date":"2023-10-01T19:22:33","date_gmt":"2023-10-01T17:22:33","guid":{"rendered":"https:\/\/istikametburasi.com\/?page_id=977"},"modified":"2023-11-12T13:50:30","modified_gmt":"2023-11-12T11:50:30","slug":"sirbistan-2","status":"publish","type":"page","link":"https:\/\/istikametburasi.com\/index.php\/sirbistan-2\/","title":{"rendered":"SIRB\u0130STAN"},"content":{"rendered":"\n<p>Balkan \u00fclkeleri aras\u0131nda belki de en fazla &#8220;Avrupa&#8221; havas\u0131 veren \u00fclke diyebilece\u011fimiz S\u0131rbistan, \u00f6zellikle hareketli hayat\u0131 ve lezzetli yemekleri ile her gideni bir kez daha gitmeye ikna ediyor \ud83c\uddf7\ud83c\uddf8<\/p>\n\n\n\n<p>Mistik havas\u0131 ve hareketli gece hayat\u0131 ile bilinen <strong>Belgrad<\/strong>, \u015eehir mimarisi ve sakinli\u011fi ile gidenleri hayran b\u0131rakan <strong>Novi Sad<\/strong> ve \u00e7ok daha fazlas\u0131 Belgrad seyahatinizde sizi bekliyor&#8230;<\/p>\n\n\n\n<figure class=\"wp-block-image aligncenter size-large\"><img decoding=\"async\" loading=\"lazy\" width=\"576\" height=\"1024\" src=\"https:\/\/istikametburasi.com\/wp-content\/uploads\/2023\/11\/Belgrad-siteRota-576x1024.png\" alt=\"\" class=\"wp-image-1693\" srcset=\"https:\/\/istikametburasi.com\/wp-content\/uploads\/2023\/11\/Belgrad-siteRota-576x1024.png 576w, https:\/\/istikametburasi.com\/wp-content\/uploads\/2023\/11\/Belgrad-siteRota-169x300.png 169w, https:\/\/istikametburasi.com\/wp-content\/uploads\/2023\/11\/Belgrad-siteRota-768x1365.png 768w, https:\/\/istikametburasi.com\/wp-content\/uploads\/2023\/11\/Belgrad-siteRota-864x1536.png 864w, https:\/\/istikametburasi.com\/wp-content\/uploads\/2023\/11\/Belgrad-siteRota.png 1080w\" sizes=\"(max-width: 576px) 100vw, 576px\" \/><\/figure>\n\n\n\n<figure class=\"wp-block-image aligncenter size-large\"><img decoding=\"async\" loading=\"lazy\" width=\"576\" height=\"1024\" src=\"https:\/\/istikametburasi.com\/wp-content\/uploads\/2023\/11\/Novi-Sad-siteRota-576x1024.png\" alt=\"\" class=\"wp-image-1694\" srcset=\"https:\/\/istikametburasi.com\/wp-content\/uploads\/2023\/11\/Novi-Sad-siteRota-576x1024.png 576w, https:\/\/istikametburasi.com\/wp-content\/uploads\/2023\/11\/Novi-Sad-siteRota-169x300.png 169w, https:\/\/istikametburasi.com\/wp-content\/uploads\/2023\/11\/Novi-Sad-siteRota-768x1365.png 768w, https:\/\/istikametburasi.com\/wp-content\/uploads\/2023\/11\/Novi-Sad-siteRota-864x1536.png 864w, https:\/\/istikametburasi.com\/wp-content\/uploads\/2023\/11\/Novi-Sad-siteRota.png 1080w\" sizes=\"(max-width: 576px) 100vw, 576px\" \/><\/figure>\n\n\n\n<figure class=\"wp-block-image aligncenter size-large\"><img decoding=\"async\" loading=\"lazy\" width=\"576\" height=\"1024\" src=\"https:\/\/istikametburasi.com\/wp-content\/uploads\/2023\/11\/Nis-siteRota-576x1024.png\" alt=\"\" class=\"wp-image-1695\" srcset=\"https:\/\/istikametburasi.com\/wp-content\/uploads\/2023\/11\/Nis-siteRota-576x1024.png 576w, https:\/\/istikametburasi.com\/wp-content\/uploads\/2023\/11\/Nis-siteRota-169x300.png 169w, https:\/\/istikametburasi.com\/wp-content\/uploads\/2023\/11\/Nis-siteRota-768x1365.png 768w, https:\/\/istikametburasi.com\/wp-content\/uploads\/2023\/11\/Nis-siteRota-864x1536.png 864w, https:\/\/istikametburasi.com\/wp-content\/uploads\/2023\/11\/Nis-siteRota.png 1080w\" sizes=\"(max-width: 576px) 100vw, 576px\" \/><\/figure>\n\n\n\n<figure class=\"wp-block-image aligncenter size-large\"><img decoding=\"async\" loading=\"lazy\" width=\"576\" height=\"1024\" src=\"https:\/\/istikametburasi.com\/wp-content\/uploads\/2023\/11\/Subotica-siteRota-576x1024.png\" alt=\"\" class=\"wp-image-1696\" srcset=\"https:\/\/istikametburasi.com\/wp-content\/uploads\/2023\/11\/Subotica-siteRota-576x1024.png 576w, https:\/\/istikametburasi.com\/wp-content\/uploads\/2023\/11\/Subotica-siteRota-169x300.png 169w, https:\/\/istikametburasi.com\/wp-content\/uploads\/2023\/11\/Subotica-siteRota-768x1365.png 768w, https:\/\/istikametburasi.com\/wp-content\/uploads\/2023\/11\/Subotica-siteRota-864x1536.png 864w, https:\/\/istikametburasi.com\/wp-content\/uploads\/2023\/11\/Subotica-siteRota.png 1080w\" sizes=\"(max-width: 576px) 100vw, 576px\" \/><\/figure>\n","protected":false},"excerpt":{"rendered":"<p>Balkan \u00fclkeleri aras\u0131nda belki de en fazla &#8220;Avrupa&#8221; havas\u0131 veren \u00fclke diyebilece\u011fimiz S\u0131rbistan, \u00f6zellikle hareketli hayat\u0131 ve lezzetli yemekleri ile<\/p>\n","protected":false},"author":1,"featured_media":0,"parent":0,"menu_order":0,"comment_status":"closed","ping_status":"closed","template":"","meta":{"om_disable_all_campaigns":false,"_mi_skip_tracking":false},"_links":{"self":[{"href":"https:\/\/istikametburasi.com\/index.php\/wp-json\/wp\/v2\/pages\/977"}],"collection":[{"href":"https:\/\/istikametburasi.com\/index.php\/wp-json\/wp\/v2\/pages"}],"about":[{"href":"https:\/\/istikametburasi.com\/index.php\/wp-json\/wp\/v2\/types\/page"}],"author":[{"embeddable":true,"href":"https:\/\/istikametburasi.com\/index.php\/wp-json\/wp\/v2\/users\/1"}],"replies":[{"embeddable":true,"href":"https:\/\/istikametburasi.com\/index.php\/wp-json\/wp\/v2\/comments?post=977"}],"version-history":[{"count":3,"href":"https:\/\/istikametburasi.com\/index.php\/wp-json\/wp\/v2\/pages\/977\/revisions"}],"predecessor-version":[{"id":1698,"href":"https:\/\/istikametburasi.com\/index.php\/wp-json\/wp\/v2\/pages\/977\/revisions\/1698"}],"wp:attachment":[{"href":"https:\/\/istikametburasi.com\/index.php\/wp-json\/wp\/v2\/media?parent=977"}],"curies":[{"name":"wp","href":"https:\/\/api.w.org\/{rel}","templated":true}]}}