{"id":992,"date":"2023-10-01T19:22:33","date_gmt":"2023-10-01T17:22:33","guid":{"rendered":"https:\/\/istikametburasi.com\/?page_id=992"},"modified":"2023-11-12T13:49:13","modified_gmt":"2023-11-12T11:49:13","slug":"makedonya-2","status":"publish","type":"page","link":"https:\/\/istikametburasi.com\/index.php\/makedonya-2\/","title":{"rendered":"MAKEDONYA"},"content":{"rendered":"\n<p>Gezerken belki de en rahat \u015fekilde ileti\u015fim kurabilece\u011finiz \u00fclkelerin ba\u015f\u0131nda gelen Makedonya, yo\u011fun T\u00fcrk n\u00fcfusu, ortak tarihimiz ve e\u015fsiz mimari eserleri ile \u00fclkemizden \u00e7ok yo\u011fun turist \u00e7ekmeyi ba\u015far\u0131yor \ud83c\uddf2\ud83c\uddf0<\/p>\n\n\n\n<p>Surlar i\u00e7inde korunmay\u0131 ba\u015farm\u0131\u015f ve benim bu zamana kadar gezerken en \u00e7ok keyif ald\u0131\u011f\u0131m \u015fehirlerden biri olan <strong>Ohrid<\/strong>, \u0130ki yakas\u0131nda sundu\u011fu bamba\u015fka tarihi ve mimari doku ile gezerken hayran kalaca\u011f\u0131n\u0131z <strong>\u00dcsk\u00fcp<\/strong>, E\u015fi benzerine zor rastlan\u0131r bir mimariye sahip olan camiisi ile ziyaret\u00e7ileri \u00e7ekmeyi ba\u015faran <strong>Tetovo<\/strong>, Atat\u00fcrk&#8217;\u00fcn de bir d\u00f6nem e\u011fitim ald\u0131\u011f\u0131 me\u015fhur Manast\u0131r Askeri \u0130dadisi&#8217;ne ev sahipli\u011fi yapan <strong>Bitola<\/strong> (Manast\u0131r) ve daha fazlas\u0131 sizleri bekliyor&#8230;<\/p>\n\n\n\n<figure class=\"wp-block-image aligncenter size-large\"><img decoding=\"async\" loading=\"lazy\" width=\"576\" height=\"1024\" src=\"https:\/\/istikametburasi.com\/wp-content\/uploads\/2023\/11\/Uskup-siteRota-576x1024.png\" alt=\"\" class=\"wp-image-1690\" srcset=\"https:\/\/istikametburasi.com\/wp-content\/uploads\/2023\/11\/Uskup-siteRota-576x1024.png 576w, https:\/\/istikametburasi.com\/wp-content\/uploads\/2023\/11\/Uskup-siteRota-169x300.png 169w, https:\/\/istikametburasi.com\/wp-content\/uploads\/2023\/11\/Uskup-siteRota-768x1365.png 768w, https:\/\/istikametburasi.com\/wp-content\/uploads\/2023\/11\/Uskup-siteRota-864x1536.png 864w, https:\/\/istikametburasi.com\/wp-content\/uploads\/2023\/11\/Uskup-siteRota.png 1080w\" sizes=\"(max-width: 576px) 100vw, 576px\" \/><\/figure>\n\n\n\n<figure class=\"wp-block-image aligncenter size-large\"><img decoding=\"async\" loading=\"lazy\" width=\"576\" height=\"1024\" src=\"https:\/\/istikametburasi.com\/wp-content\/uploads\/2023\/11\/Ohrid-siteRota-576x1024.png\" alt=\"\" class=\"wp-image-1691\" srcset=\"https:\/\/istikametburasi.com\/wp-content\/uploads\/2023\/11\/Ohrid-siteRota-576x1024.png 576w, https:\/\/istikametburasi.com\/wp-content\/uploads\/2023\/11\/Ohrid-siteRota-169x300.png 169w, https:\/\/istikametburasi.com\/wp-content\/uploads\/2023\/11\/Ohrid-siteRota-768x1365.png 768w, https:\/\/istikametburasi.com\/wp-content\/uploads\/2023\/11\/Ohrid-siteRota-864x1536.png 864w, https:\/\/istikametburasi.com\/wp-content\/uploads\/2023\/11\/Ohrid-siteRota.png 1080w\" sizes=\"(max-width: 576px) 100vw, 576px\" \/><\/figure>\n","protected":false},"excerpt":{"rendered":"<p>Gezerken belki de en rahat \u015fekilde ileti\u015fim kurabilece\u011finiz \u00fclkelerin ba\u015f\u0131nda gelen Makedonya, yo\u011fun T\u00fcrk n\u00fcfusu, ortak tarihimiz ve e\u015fsiz mimari<\/p>\n","protected":false},"author":1,"featured_media":0,"parent":0,"menu_order":0,"comment_status":"closed","ping_status":"closed","template":"","meta":{"om_disable_all_campaigns":false,"_mi_skip_tracking":false},"_links":{"self":[{"href":"https:\/\/istikametburasi.com\/index.php\/wp-json\/wp\/v2\/pages\/992"}],"collection":[{"href":"https:\/\/istikametburasi.com\/index.php\/wp-json\/wp\/v2\/pages"}],"about":[{"href":"https:\/\/istikametburasi.com\/index.php\/wp-json\/wp\/v2\/types\/page"}],"author":[{"embeddable":true,"href":"https:\/\/istikametburasi.com\/index.php\/wp-json\/wp\/v2\/users\/1"}],"replies":[{"embeddable":true,"href":"https:\/\/istikametburasi.com\/index.php\/wp-json\/wp\/v2\/comments?post=992"}],"version-history":[{"count":3,"href":"https:\/\/istikametburasi.com\/index.php\/wp-json\/wp\/v2\/pages\/992\/revisions"}],"predecessor-version":[{"id":1692,"href":"https:\/\/istikametburasi.com\/index.php\/wp-json\/wp\/v2\/pages\/992\/revisions\/1692"}],"wp:attachment":[{"href":"https:\/\/istikametburasi.com\/index.php\/wp-json\/wp\/v2\/media?parent=992"}],"curies":[{"name":"wp","href":"https:\/\/api.w.org\/{rel}","templated":true}]}}